{"id":1831,"date":"2019-09-02T23:45:18","date_gmt":"2019-09-02T22:45:18","guid":{"rendered":"https:\/\/www.clubnaturpur.eu\/?page_id=1831"},"modified":"2019-09-02T23:54:13","modified_gmt":"2019-09-02T22:54:13","slug":"norbert-engel","status":"publish","type":"page","link":"https:\/\/www.clubnaturpur.eu\/?page_id=1831","title":{"rendered":"Norbert Engel"},"content":{"rendered":"\n<p><img loading=\"lazy\" width=\"118\" height=\"118\" class=\"wp-image-152\" style=\"width: 118px;\" src=\"https:\/\/www.clubnaturpur.eu\/wp-content\/2018\/06\/Norbert-Engel.jpg\" alt=\"\"><br>Waldl\u00e4ufer<br>Norbert Engel<br><br>10 Jahre<br>CNP Trainer und Kursleiter<br>Waldl\u00e4ufer<br>statl. gepr\u00fcfter Wanderf\u00fchrer<\/p>\n\n\n\n<p>Ehrung im September 2001<\/p>\n\n\n\n<p>Begonnen hat bei Norbert Engel alles nach\ndem Leitspruch von CNP \u201e\u00dcberleben beginnt im Kopf.\u201c Initiator f\u00fcr seine\nHerausforderung war damals Trainer Oli Schneider &#8211; Gr\u00fcndungsmitglied und\nlangj\u00e4hriger Trainer.<\/p>\n\n\n\n<p>&nbsp;1991- im Gr\u00fcndungsjahr von CNP, war Nobi, wie\nmittlerweile sein Spitzname im Club ist, beim 3. Wildniskurs mit von der\nPartie. In Erinnerung an seinen Kursbericht m\u00f6chte ich einige Anregungen von\nihm zitieren: \u201e Mein pers\u00f6nlicher Wunsch ist es, Kleidung und Ausr\u00fcstung in den\nFarben der W\u00e4lder &#8211; also Naturfarben zu verwenden. Die Wiesen sollten als\neinzige in der Natur das Recht haben, ihre Farbenpracht bunt dem Menschen zu\nzeigen.\u201c (Schlafs\u00e4cke ausgenommen?)<\/p>\n\n\n\n<p>Sein Fehler, bzw. CNP`s Gl\u00fcck war, dass\nNobi im selben Bericht uns mitteilte, wenn man ihn brauchen k\u00f6nnte, er gerne\nbereit sei, dem Club zur Seite zu stehen. Das h\u00e4tte er nicht zweimal sagen\nsollen &#8230;<\/p>\n\n\n\n<p>Ein Jahr sp\u00e4ter war er beim Waldl\u00e4uferkurs\ndabei und in Folge dann als Trainer unterwegs. 1995 wurde seine T\u00e4tigkeit mit\ndem Waldl\u00e4ufertitel geehrt. 1996 wurde er sogar vom Trainergremium zum\nCNP-Trainer des Jahres auserkoren und als Draufgabe liegt er mit seinen 27\nTrainereins\u00e4tzen an der Spitze.<\/p>\n\n\n\n<p>Im Laufe dieser 10 Jahre beim CNP als\nTrainer und Kursleiter hat sich Nobi als Profi im Outdoor- und Wildnistraining\neinen Namen gemacht. Unvergessen sind seine unz\u00e4hligen Eins\u00e4tze bei diversen\nWildniskursen, wo es ihm immer wieder ein Anliegen war und ist, den\nTeilnehmerInnen durch \u201eLearning by doing\u201c das Sammeln pers\u00f6nlicher Erfahrungen\nund deren Selbsteinsch\u00e4tzung zu f\u00f6rdern. Sprichw\u00f6rtlich ist seine Liebe zur\nNatur und ber\u00fcchtigt sind seine Geschichten, die am Lagerfeuer die Runde\ndrehen.<\/p>\n\n\n\n<p>Als Computerspezialist hat uns Nobi in\nunz\u00e4hligen Stunden eine mehrfach, preisgekr\u00f6nte Homepage geschaffen, die\nihresgleichen sucht und von allen Seiten Lob und Anerkennung erntet. So ist es\nnicht verwunderlich, dass nach 2 \u02dd Jahren ihres Bestehens diese Webseite mit\n100.000 Einschaltungen ein unverzichtbares Sprachrohr unseres Clubs wurde.<\/p>\n\n\n\n<p>Nobi, ich hoffe und w\u00fcnsche mir, dass deine\nBegeisterung f\u00fcr den CNP uns noch lange erhalten bleiben m\u00f6ge,<\/p>\n\n\n\n<p>&nbsp;in\nKameradschaft<\/p>\n\n\n\n<p>Sigi Schw\u00e4rzler.<\/p>\n","protected":false},"excerpt":{"rendered":"<p>Waldl\u00e4uferNorbert Engel 10 JahreCNP Trainer und KursleiterWaldl\u00e4uferstatl. gepr\u00fcfter Wanderf\u00fchrer Ehrung im September 2001 Begonnen hat bei Norbert Engel alles nach dem Leitspruch von CNP \u201e\u00dcberleben beginnt im Kopf.\u201c Initiator f\u00fcr seine Herausforderung war damals Trainer Oli Schneider &#8211; Gr\u00fcndungsmitglied und langj\u00e4hriger Trainer. &nbsp;1991- im Gr\u00fcndungsjahr von CNP, war Nobi, wie mittlerweile sein Spitzname im&#8230;<\/p>\n<p class=\"read-more\"><a class=\"btn btn-default\" href=\"https:\/\/www.clubnaturpur.eu\/?page_id=1831\"> Read More<span class=\"screen-reader-text\">  Read More<\/span><\/a><\/p>\n","protected":false},"author":1,"featured_media":0,"parent":0,"menu_order":0,"comment_status":"closed","ping_status":"closed","template":"","meta":[],"_links":{"self":[{"href":"https:\/\/www.clubnaturpur.eu\/index.php?rest_route=\/wp\/v2\/pages\/1831"}],"collection":[{"href":"https:\/\/www.clubnaturpur.eu\/index.php?rest_route=\/wp\/v2\/pages"}],"about":[{"href":"https:\/\/www.clubnaturpur.eu\/index.php?rest_route=\/wp\/v2\/types\/page"}],"author":[{"embeddable":true,"href":"https:\/\/www.clubnaturpur.eu\/index.php?rest_route=\/wp\/v2\/users\/1"}],"replies":[{"embeddable":true,"href":"https:\/\/www.clubnaturpur.eu\/index.php?rest_route=%2Fwp%2Fv2%2Fcomments&post=1831"}],"version-history":[{"count":4,"href":"https:\/\/www.clubnaturpur.eu\/index.php?rest_route=\/wp\/v2\/pages\/1831\/revisions"}],"predecessor-version":[{"id":1849,"href":"https:\/\/www.clubnaturpur.eu\/index.php?rest_route=\/wp\/v2\/pages\/1831\/revisions\/1849"}],"wp:attachment":[{"href":"https:\/\/www.clubnaturpur.eu\/index.php?rest_route=%2Fwp%2Fv2%2Fmedia&parent=1831"}],"curies":[{"name":"wp","href":"https:\/\/api.w.org\/{rel}","templated":true}]}}